test common divisor of 65372 and 307508?
236
What is the highest common divisor of 523534 and 8162?
1166
What is the greatest common factor of 29776 and 1168?
16
Calculate the greatest common divisor of 22560 and 754820.
940
What is the highest common factor of 9876384 and 18?
18
Calculate the highest common divisor of 172350 and 5085.
45
What is the greatest common divisor of 17333181 and 18?
9
Calculate the greatest common divisor of 14100 and 4645700.
100
Calculate the greatest common factor of 67309224 and 276.
276
Calculate the greatest common factor of 1903949 and 1037.
17
What is the highest common factor of 1041556 and 25864?
212
What is the greatest common factor of 5328 and 799866?
666
Calculate the highest common divisor of 12227917 and 8827.
1261
What is the highest common factor of 1711 and 1199662517?
1711
Calculate the greatest common divisor of 599313 and 242.
121
What is the highest common divisor of 305451 and 729?
729
Calculate the highest common divisor of 5220 and 1864080.
180
Calculate the greatest common factor of 93690 and 1662130.
3470
Calculate the greatest common divisor of 84 and 343956837.
21
What is the highest common divisor of 460117 and 56?
7
Calculate the greatest common factor of 26656 and 114053.
17
Calculate the highest common factor of 22 and 6858.
2
What is the greatest common factor of 498 and 165993?
3
What is the highest common factor of 1081944 and 63?
9
What is the greatest common factor of 12320 and 89367520?
1760
What is the greatest common divisor of 34 and 652144310?
34
Calculate the highest common divisor of 90 and 188653290.
30
Calculate the greatest common factor of 385 and 1394635.
55
Calculate the greatest common factor of 9150 and 4148700.
150
Calculate the highest common divisor of 840 and 197272950.
210
What is the highest common divisor of 1716 and 39243672?
156
What is the highest common divisor of 39808881 and 1821?
1821
What is the highest common factor of 1827 and 3019451?
29
Calculate the greatest common factor of 994863 and 3.
3
What is the highest common factor of 462 and 7400008?
154
Calculate the highest common factor of 334430 and 5035.
265
Calculate the highest common divisor of 171 and 15986391.
57
What is the highest common divisor of 1571865 and 387?
129
Calculate the greatest common divisor of 315 and 2734375.
35
What is the greatest common factor of 291 and 320340?
3
Calculate the greatest common factor of 226086150 and 7900.
3950
Calculate the highest common factor of 103 and 45032836.
103
What is the highest common divisor of 27072 and 555456?
192
What is the greatest common divisor of 1017222 and 27?
3
What is the highest common factor of 926279 and 1173?
391
What is the greatest common divisor of 3100 and 3298276?
124
What is the greatest common factor of 968 and 10459966?
242
What is the greatest common divisor of 141 and 10982913?
141
What is the highest common factor of 826697922 and 53?
53
What is the highest common divisor of 1205477 and 7371?
91
What is the highest common factor of 1226470 and 8330?
490
Calculate the greatest common factor of 4964 and 2588.
4
Calculate the highest common factor of 3200 and 37472.
32
Calculate the greatest common divisor of 505 and 2138978.
101
What is the greatest common divisor of 2200 and 1557400?
200
Calculate the greatest common factor of 1302 and 11161023.
93
What is the greatest common divisor of 78995 and 73017?
427
Calculate the greatest common factor of 45838 and 233454.
1066
Calculate the greatest common factor of 5656798 and 42.
14
Calculate the greatest common factor of 119369796 and 182.
182
What is the highest common divisor of 504 and 29957571?
63
Calculate the greatest common factor of 12121098 and 46354.
946
What is the greatest common divisor of 152152 and 42185?
143
What is the highest common factor of 1872 and 81944044?
52
Calculate the highest common factor of 502792 and 136.
136
Calculate the highest common divisor of 71068344 and 4209.
69
What is the highest common divisor of 561 and 536894391?
561
What is the highest common factor of 48238762 and 35334?
3926
What is the greatest common factor of 43249 and 732427?
61
Calculate the highest common factor of 28439136 and 1408.
352
What is the highest common divisor of 18144 and 203392?
224
What is the highest common divisor of 8789132 and 517?
11
Calculate the greatest common divisor of 48595 and 13715.
5
What is the greatest common divisor of 20694531 and 429?
429
Calculate the greatest common divisor of 206 and 50793317.
103
Calculate the greatest common divisor of 1 and 148472231.
1
What is the highest common factor of 513 and 372976479?
171
What is the highest common factor of 352 and 3005024?
352
What is the greatest common divisor of 831116 and 221936?
572
What is the greatest common factor of 44290 and 35690?
430
What is the greatest common factor of 60526335 and 285?
15
Calculate the greatest common factor of 680 and 4918760.
40
Calculate the highest common factor of 1204152391 and 1966.
983
Calculate the highest common factor of 5 and 87108325.
5
What is the highest common divisor of 87 and 462369939?
87
Calculate the greatest common factor of 135864 and 34720596.
1836
Calculate the highest common divisor of 95 and 8681195.
95
Calculate the highest common factor of 573120 and 1455.
15
Calculate the greatest common factor of 2059 and 2653123.
29
Calculate the highest common factor of 939 and 173793.
3
Calculate the greatest common divisor of 107275 and 1209600.
175
What is the highest common factor of 38 and 6776274?
38
What is the highest common factor of 136 and 8699624?
8
What is the greatest common factor of 398763735 and 95?
95
What is the greatest common factor of 56 and 1951536?
8
Calculate the greatest common divisor of 65479856 and 416.
208
Calculate the highest common divisor of 90 and 34044882.
6
What is the greatest common divisor of 7436548 and 6188?
476
What is the highest common factor of 2168 and 18241823?
271
What is the greatest common divisor of 69791120 and 70?
70
What is the highest common divisor of 2002470 and 2190?
30
Calculate the highest common factor of 40002918 and 162.
6
What is the highest common divisor of 7600 and 4041300?
1900
What is the greatest common factor of 267033 and 861?
123
Calculate the greatest common factor of 140021 and 353306.
241
What is the greatest common divisor of 864 and 33937380?
108
What is the greatest common factor of 1449 and 135147264?
483
What is the highest common factor of 1050 and 231900?
150
What is the greatest common divisor of 173847924 and 32?
4
Calculate the highest common divisor of 77433686 and 7690.
1538
Calculate the highest common factor of 12 and 10690203.
3
What is the highest common factor of 360 and 4216596?
12
What is the highest common factor of 23616768 and 34380?
2292
What is the greatest common divisor of 154249718 and 4956?
826
Calculate the greatest common factor of 556554 and 9361.
851
What is the highest common factor of 1107 and 8945421?
123
Calculate the highest common divisor of 165 and 44579775.
15
Calculate the highest common divisor of 986992 and 208.
16
What is the highest common factor of 1874270 and 207?
23
What is the greatest common factor of 162755 and 1982515?
215
Calculate the greatest common divisor of 5689128 and 14746.
202
What is the highest common divisor of 246 and 529896?
6
Calculate the highest common divisor of 11873752 and 1683.
187
What is the highest common divisor of 1035 and 57634389?
207
What is the highest common divisor of 77373795 and 73?
73
Calculate the highest common factor of 50271232 and 2464.
352
Calculate the highest common divisor of 315000 and 1819440.
2520
What is the greatest common factor of 11253780 and 112476?
1236
Calculate the highest common factor of 9351956 and 1378.
106
Calculate the highest common factor of 796 and 14153.
1
Calculate the highest common factor of 6834 and 1285596.
402
Calculate the greatest common divisor of 8203642 and 298.
298
What is the highest common factor of 1488929 and 11024?
689
What is the highest common factor of 6059 and 35043942?
73
What is the highest common factor of 679 and 118157349?
97
Calculate the highest common divisor of 7936824 and 794.
794
What is the greatest common di